divisor of b and m?
10
Let t be 4/16 - 21/4. Let l be t/3*(2 - 110). Let c = 44 - 24. What is the greatest common divisor of l and c?
20
Let u(k) = -4*k**2 - 2*k. Let y be u(-2). Let m = y + 22. Calculate the greatest common factor of 30 and m.
10
Suppose 5*c = -3*z + 86, 5*z - 6 = 4*c - 97. Calculate the greatest common factor of 95 and c.
19
Suppose -3 = -4*t + 3*t. Suppose -2*g + 25 = t*g. What is the greatest common factor of g and 25?
5
Suppose 0*u + 6*u - 540 = 0. Suppose -2*z + 45 = z. What is the greatest common divisor of u and z?
15
Let c be (4/6)/(4/42). Suppose 2*v - 2 = 5*p, c + 3 = 2*v - p. What is the greatest common divisor of 18 and v?
6
Let t(g) = -g**3 + 5*g**2 + 2*g - 4. Let a be (-28)/7*(-1)/1. Let y be t(a). Calculate the greatest common divisor of y and 20.
20
Let s be (-1)/((-10)/(-9) + -1). Let z be 48/(-2)*s/12. Let d be (10/(-4))/((-3)/z). Calculate the highest common factor of 3 and d.
3
Suppose 0 = -i - 2*i + 189. Suppose 15 = -2*l + i. Calculate the greatest common divisor of 12 and l.
12
Let a = -44 - -132. Calculate the greatest common divisor of a and 8.
8
Let c be (-4)/(-1 - (-3)/4). What is the highest common factor of 2 and c?
2
Let s = -39 + 63. Calculate the greatest common divisor of 12 and s.
12
Let h be 1540/100 + (-4)/10. Calculate the highest common factor of 5 and h.
5
Let p be (-200)/(-9) + 10/(-45). What is the highest common divisor of p and 11?
11
Let w be 8/(-28) + 44/7. Let x = w + -4. Let c = x - 1. What is the highest common divisor of 11 and c?
1
Let h be 2*8 - 6/3. Let r be 2/7 + 66/h. Suppose 4*l = -4*d + 16, -r*l + 20 = 4*d - 0. Calculate the greatest common factor of 32 and l.
4
Suppose -2*b - 80 = -4*b. What is the greatest common divisor of 8 and b?
8
Let v = 56 - 48. What is the greatest common factor of v and 12?
4
Let u be 8 - (6 + 2 + -4). What is the greatest common divisor of u and 2?
2
Suppose 32 + 3 = 5*b. Let y = 5 - 0. Suppose p - 26 = -y*n + 2*n, 0 = -p + 5. What is the greatest common divisor of b and n?
7
Let u = 10 - 0. Suppose 2 = 2*f - u. What is the highest common factor of f and 54?
6
Let y be 2/((-4)/2)*-45. Let n be 1/1 - (7 + -28 + 4). Calculate the highest common divisor of y and n.
9
Let g(h) = 7*h**2 - 3*h + 1. Let t be g(1). What is the greatest common divisor of t and 20?
5
Let d be 4/10 + (-78)/(-5). Let q(o) = 11*o - 5. Let i be q(15). What is the greatest common factor of d and i?
16
Let l(i) = -i**2 - 7*i - 2. Let c be l(-6). Suppose -8*d + 68 = 36. What is the greatest common divisor of c and d?
4
Let m be (4/5)/((-10)/(-25)). Let r = 0 - m. Let n be (-96)/(-20)*(-35)/r. What is the greatest common divisor of n and 21?
21
Let n(k) = -k**3 - 12*k**2 - 2*k + 16. Let a be n(-12). Calculate the greatest common factor of a and 60.
20
Let n(r) = -2 + 2 + 3 - r + 8*r**2 + 6*r. Let c be n(-3). Calculate the greatest common factor of 40 and c.
20
Let d be (-2)/(-4)*-1*212. Let u = d + 187. Calculate the greatest common factor of u and 9.
9
Suppose 0 = -10*v + 8*v + 62. Calculate the greatest common divisor of 31 and v.
31
Let x = -9 + 33. Suppose w - x = -4*w + 3*i, 2*i = -5*w + 9. Suppose 0 = p - 3*a - 90, 2*p - 2*a - 385 = -w*p. What is the highest common factor of 15 and p?
15
Suppose 0 = 5*x - 15, 231 = -5*b - 3*x + 5*x. Let r = -32 - b. What is the greatest common factor of 117 and r?
13
Let o = -22 - -16. Let k = 13 + o. Let r(i) = 9*i**2 - i - 1. Let s be r(3). Calculate the greatest common factor of k and s.
7
Let z be (-3904)/(-40) - 2/(-5). Let c(s) = -s**3 + 2*s**2 + 3*s - 4. Let v be c(3). Let d be -14*(-3 + v/(-2)). What is the greatest common factor of z and d?
14
Let i be 224*(-2 + (-15)/(-6)). Let v = 127 - 111. Calculate the highest common factor of i and v.
16
Let n be 171/(-4)*(-24)/9. Suppose 0 = -c + 4*c - 15. Let p be 2/c - n/(-15). What is the greatest common divisor of 4 and p?
4
Let h = -2 + 2. Let a = h - -2. What is the highest common divisor of a and 2?
2
Let h(p) = 32*p + 4. Let v be h(3). Let o = -17 - -24. Suppose 4*t + 5*l = v, -3*l + o = 4*t - 101. What is the greatest common divisor of 5 and t?
5
Let q(o) = 6*o**2 - 7*o - 14. Let g be q(-5). Calculate the greatest common divisor of g and 19.
19
Suppose 0 = -2*a + 4*a + 3*o - 60, o = 5*a - 133. Let u be a/6 - 1/(-2). Suppose u*q - 140 = -20. What is the highest common divisor of 36 and q?
12
Suppose -45*o = -47*o + 528. What is the highest common factor of 44 and o?
44
Let t = 77 + -56. Calculate the greatest common factor of t and 3.
3
Let g be (-48)/(6/(-3)) - -3. Let m be 22/18 - 6/g. Suppose 2*s + 21 = 3*k - 8*k, 0 = -4*s - 2*k - 2. What is the highest common factor of s and m?
1
Suppose g - 6*g = -20. Let w(n) = 3*n + 3. Let m be w(g). Calculate the highest common divisor of m and 135.
15
Let g be (36/16)/(1/8). Suppose -24 = -5*k + 4*c + 257, 2*k = c + 110. Let f = k + 37. Calculate the highest common divisor of f and g.
18
Let m = 112 - 58. What is the greatest common factor of m and 6?
6
Suppose 3*n + 16 = 2*m, 8*n = -4*m + 3*n + 10. Calculate the greatest common factor of m and 2.
1
Suppose -x = -3 - 0. Suppose 12 = j - 6. What is the highest common factor of j and x?
3
Suppose p - 4*p + 30 = 0. Let m(w) be the first derivative of -13*w**4/2 - w - 3. Let o be m(-1). Calculate the highest common factor of o and p.
5
Let f be 3/(-12) + (-2)/(-8) - -14. Calculate the highest common factor of f and 56.
14
Let s(z) = -3*z**2 + 5*z + 1. Let r be s(4). Let y = r + 53. What is the highest common factor of y and 130?
26
Suppose 0 = -2*l + 4, a - 36 = 2*l + 68. Let b = -59 - -116. Suppose 5*w - 10 - 53 = -3*u, b = 5*w - 3*u. What is the highest common factor of a and w?
12
Let i = 21 - 17. Suppose 4*q - 5*q - 10 = -5*x, i*x + 5*q - 37 = 0. Calculate the greatest common factor of x and 3.
3
Suppose 2*s = -2*q + 121 - 39, 4*q - 208 = -5*s. Calculate the highest common divisor of s and 4.
4
Let u be -3 + 12 + (-3 - -3). Let j be (u + -8)/(2/6). What is the highest common divisor of 15 and j?
3
Let h(z) = -z**2 + 7*z + 6. Let y be h(6). Calculate the greatest common factor of 108 and y.
12
Suppose -a - 111 = -5*q + 269, -4*q = -2*a - 298. Let l(m) = m**2 - 5*m + 1. Let i be l(6). What is the greatest common divisor of i and q?
7
Let d be ((-1 - 4) + 2)*-1. Suppose d*h + 5*f = -39 + 111, -5*f - 96 = -4*h. Suppose 18 = -2*m + 5*m. Calculate the highest common divisor of m and h.
6
Let x be 2/7 - 36/(-21). Suppose -9 - 6 = -3*o + 3*q, -x*o + q = -8. Suppose -y + o*y = 6. What is the greatest common divisor of 24 and y?
3
Let x(d) = 4*d + 4. Suppose -2*p = p - 9. Let s be x(p). What is the highest common divisor of s and 2?
2
Let i = -7 + 12. Suppose 2 - 7 = -w. Calculate the greatest common divisor of w and i.
5
Suppose -59 = -5*x + 116. Calculate the highest common divisor of x and 385.
35
Let y be (-2)/(-2 + 1) + 22. Let q = 2 - -1. Calculate the greatest common divisor of q and y.
3
Let z be 1/(-4) + (-1367)/4. Let t = -223 - z. Let o be (-444)/(-24) + (-3)/2. What is the greatest common factor of t and o?
17
Let p be 3*-5*6/(-15). Let k be 2/p - (-726)/9. What is the greatest common divisor of k and 9?
9
Suppose -390 = -5*t + 5*d, -t - 7*d + 90 = -2*d. Suppose 4*k - t - 96 = 0. Calculate the greatest common divisor of 4 and k.
4
Let z(l) = 2*l. Let k be z(8). Suppose 2*f = -f - 2*s + 138, 5*f = -s + 230. Suppose 0 = -3*y + 74 + f. What is the greatest common divisor of y and k?
8
Let m be (-20)/70 - 19/7. Let x(v) = -v**3 + 2*v - 1. Let q be x(m). What is the highest common divisor of q and 160?
20
Let x be 10/25*20*29. Let q be (-2)/3 + x/6. Suppose n = 4*n - 285. What is the highest common divisor of n and q?
19
Let w(d) = d**3 - 2*d**2 + 9*d - 8. Let k be w(6). Calculate the greatest common factor of k and 19.
19
Let i = -15 - -21. Suppose 4 = -4*k, f + k - i = 4*k. Calculate the greatest common divisor of 15 and f.
3
Suppose 2*z = 5*z - x - 4, 2*x + 8 = 0. Let j be 1/((z + 3)/297). Let p be 8 + 1 + 0/(-3). What is the highest common divisor of j and p?
9
Let i be 4/18 + (-16)/(-9). What is the highest common divisor of i and 4?
2
Let o = 13 + -5. Suppose -o*w = -3*w - 70. Calculate the greatest common factor of w and 126.
14
Suppose 3*s + 2*s - 12 = 2*n, -2*s - 8 = -4*n. Suppo